{"id":128,"date":"2021-06-21T22:41:25","date_gmt":"2021-06-22T04:41:25","guid":{"rendered":"http:\/\/asorocheservicios.epizy.com\/?page_id=128"},"modified":"2022-01-11T06:30:10","modified_gmt":"2022-01-11T06:30:10","slug":"budget-car-rental","status":"publish","type":"page","link":"https:\/\/asorocheservicios.com\/?page_id=128","title":{"rendered":"Budget Car Rental"},"content":{"rendered":"\n<p>Deseamos informarles de un nuevo convenio con Budget Car Rental, este les brinda una tarifa fija por los pr\u00f3ximos 12 meses:<\/p>\n\n\n\n<figure class=\"wp-block-image size-full\"><img loading=\"lazy\" decoding=\"async\" width=\"864\" height=\"673\" src=\"http:\/\/asorocheservicios.com\/wp-content\/uploads\/2022\/01\/tarifa.png\" alt=\"\" class=\"wp-image-667\" srcset=\"https:\/\/asorocheservicios.com\/wp-content\/uploads\/2022\/01\/tarifa.png 864w, https:\/\/asorocheservicios.com\/wp-content\/uploads\/2022\/01\/tarifa-300x234.png 300w, https:\/\/asorocheservicios.com\/wp-content\/uploads\/2022\/01\/tarifa-768x598.png 768w, https:\/\/asorocheservicios.com\/wp-content\/uploads\/2022\/01\/tarifa-149x116.png 149w\" sizes=\"auto, (max-width: 864px) 100vw, 864px\" \/><\/figure>\n\n\n\n<p>Adicional pueden contactar al 2436-2007 o bien por correo electr\u00f3nico a la direcci\u00f3n <a href=\"mailto:corporativo@budget.co.cr\" target=\"_blank\" rel=\"noreferrer noopener\">corporativo@budget.co.cr<\/a> para hacer sus reservaciones.<\/p>\n\n\n\n<p>Reiteramos nuestro compromiso en seguir trabajando en mejorar d\u00eda con d\u00eda y poder satisfacer las necesidades de nuestros asociados. \u00a1Pronto m\u00e1s buenas noticias!<\/p>\n\n\n\n<p>Atentamente,<\/p>\n\n\n\n<p>Junta Directiva ASOROCHESERVICIOS<\/p>\n\n\n\n<div class=\"wp-block-image\"><figure class=\"alignright size-full\"><a href=\"http:\/\/asorocheservicios.com\/?page_id=514\"><img loading=\"lazy\" decoding=\"async\" width=\"50\" height=\"50\" src=\"http:\/\/asorocheservicios.com\/wp-content\/uploads\/2022\/01\/back-e1641881204730.png\" alt=\"\" class=\"wp-image-687\"\/><\/a><\/figure><\/div>\n","protected":false},"excerpt":{"rendered":"<p>Deseamos informarles de un nuevo convenio con Budget Car Rental, este les brinda una tarifa fija por los pr\u00f3ximos 12 meses: Adicional pueden contactar al 2436-2007 o bien por correo electr\u00f3nico a la direcci\u00f3n corporativo@budget.co.cr para hacer sus reservaciones. Reiteramos nuestro compromiso en seguir trabajando en mejorar d\u00eda con d\u00eda y poder satisfacer las necesidades<\/p>\n<div><a class=\"btn-filled btn\" href=\"https:\/\/asorocheservicios.com\/?page_id=128\" title=\"Budget Car Rental\">Read More<\/a><\/div>\n","protected":false},"author":1,"featured_media":0,"parent":0,"menu_order":0,"comment_status":"closed","ping_status":"closed","template":"","meta":{"footnotes":""},"class_list":["post-128","page","type-page","status-publish","hentry"],"_links":{"self":[{"href":"https:\/\/asorocheservicios.com\/index.php?rest_route=\/wp\/v2\/pages\/128","targetHints":{"allow":["GET"]}}],"collection":[{"href":"https:\/\/asorocheservicios.com\/index.php?rest_route=\/wp\/v2\/pages"}],"about":[{"href":"https:\/\/asorocheservicios.com\/index.php?rest_route=\/wp\/v2\/types\/page"}],"author":[{"embeddable":true,"href":"https:\/\/asorocheservicios.com\/index.php?rest_route=\/wp\/v2\/users\/1"}],"replies":[{"embeddable":true,"href":"https:\/\/asorocheservicios.com\/index.php?rest_route=%2Fwp%2Fv2%2Fcomments&post=128"}],"version-history":[{"count":2,"href":"https:\/\/asorocheservicios.com\/index.php?rest_route=\/wp\/v2\/pages\/128\/revisions"}],"predecessor-version":[{"id":716,"href":"https:\/\/asorocheservicios.com\/index.php?rest_route=\/wp\/v2\/pages\/128\/revisions\/716"}],"wp:attachment":[{"href":"https:\/\/asorocheservicios.com\/index.php?rest_route=%2Fwp%2Fv2%2Fmedia&parent=128"}],"curies":[{"name":"wp","href":"https:\/\/api.w.org\/{rel}","templated":true}]}}