{"id":767,"date":"2022-02-01T19:02:36","date_gmt":"2022-02-02T01:02:36","guid":{"rendered":"http:\/\/asorocheservicios.com\/?page_id=767"},"modified":"2022-02-01T19:02:36","modified_gmt":"2022-02-02T01:02:36","slug":"optica-vision","status":"publish","type":"page","link":"https:\/\/asorocheservicios.com\/?page_id=767","title":{"rendered":"\u00d3ptica Visi\u00f3n"},"content":{"rendered":"\n<figure class=\"wp-block-image size-full\"><img loading=\"lazy\" decoding=\"async\" width=\"825\" height=\"510\" src=\"http:\/\/asorocheservicios.com\/wp-content\/uploads\/2022\/02\/image.jpeg\" alt=\"\" class=\"wp-image-768\" srcset=\"https:\/\/asorocheservicios.com\/wp-content\/uploads\/2022\/02\/image.jpeg 825w, https:\/\/asorocheservicios.com\/wp-content\/uploads\/2022\/02\/image-300x185.jpeg 300w, https:\/\/asorocheservicios.com\/wp-content\/uploads\/2022\/02\/image-768x475.jpeg 768w, https:\/\/asorocheservicios.com\/wp-content\/uploads\/2022\/02\/image-188x116.jpeg 188w\" sizes=\"auto, (max-width: 825px) 100vw, 825px\" \/><\/figure>\n\n\n\n<p>\u00b7 15% de descuento en compras a contado (ya sea pago con tarjeta de d\u00e9bito o efectivo). <\/p>\n\n\n\n<p>\u00b7 15% de descuento en compras a cr\u00e9dito por medio de Asorocheservicios (hasta 30 d\u00edas naturales para cancelar las facturas). \u00b7 100% de descuento en el examen de la vista. <\/p>\n\n\n\n<p>\u00b7 Cobertura para familiares hasta un segundo grado de consanguinidad. <\/p>\n\n\n\n<p>\u00b7 Disponible para colaboradores de la asociaci\u00f3n solidarista y sus familiares. <\/p>\n\n\n\n<p>\u00b7 El convenio estar\u00e1 disponible en cualquier tienda de \u00d3pticas Visi\u00f3n a nivel nacional. <\/p>\n\n\n\n<p>\u00b7 Les facilitaremos un c\u00f3digo \u00fanico de convenio para su asociaci\u00f3n solidarista el cual deber\u00e1 ser presentado siempre por los asociados para recibir el beneficio. <\/p>\n\n\n\n<p>\u00b7 Servicio de visita con nuestro equipo m\u00f3vil. (sujeto a disponibilidad de agenda). <\/p>\n\n\n\n<p>\u00b7 Sorteos y promociones mensuales por parte del departamento de convenios.<\/p>\n\n\n\n<p>Contacto:<\/p>\n\n\n\n<p>OFICINAS CENTRALES:<br>(+506) 2243-9000 &#8211; Whatsapp (+506) 6252-7560<\/p>\n\n\n\n<p>Email: servicioalcliente@opticasvision.co.cr<\/p>\n\n\n\n<div class=\"wp-block-image\"><figure class=\"alignright size-full\"><a href=\"http:\/\/asorocheservicios.com\/?page_id=446\"><img loading=\"lazy\" decoding=\"async\" width=\"50\" height=\"50\" src=\"http:\/\/asorocheservicios.com\/wp-content\/uploads\/2022\/01\/back-e1641881204730.png\" alt=\"\" class=\"wp-image-687\"\/><\/a><\/figure><\/div>\n","protected":false},"excerpt":{"rendered":"<p>\u00b7 15% de descuento en compras a contado (ya sea pago con tarjeta de d\u00e9bito o efectivo). \u00b7 15% de descuento en compras a cr\u00e9dito por medio de Asorocheservicios (hasta 30 d\u00edas naturales para cancelar las facturas). \u00b7 100% de descuento en el examen de la vista. \u00b7 Cobertura para familiares hasta un segundo grado<\/p>\n<div><a class=\"btn-filled btn\" href=\"https:\/\/asorocheservicios.com\/?page_id=767\" title=\"\u00d3ptica Visi\u00f3n\">Read More<\/a><\/div>\n","protected":false},"author":1,"featured_media":0,"parent":0,"menu_order":0,"comment_status":"closed","ping_status":"closed","template":"","meta":{"footnotes":""},"class_list":["post-767","page","type-page","status-publish","hentry"],"_links":{"self":[{"href":"https:\/\/asorocheservicios.com\/index.php?rest_route=\/wp\/v2\/pages\/767","targetHints":{"allow":["GET"]}}],"collection":[{"href":"https:\/\/asorocheservicios.com\/index.php?rest_route=\/wp\/v2\/pages"}],"about":[{"href":"https:\/\/asorocheservicios.com\/index.php?rest_route=\/wp\/v2\/types\/page"}],"author":[{"embeddable":true,"href":"https:\/\/asorocheservicios.com\/index.php?rest_route=\/wp\/v2\/users\/1"}],"replies":[{"embeddable":true,"href":"https:\/\/asorocheservicios.com\/index.php?rest_route=%2Fwp%2Fv2%2Fcomments&post=767"}],"version-history":[{"count":1,"href":"https:\/\/asorocheservicios.com\/index.php?rest_route=\/wp\/v2\/pages\/767\/revisions"}],"predecessor-version":[{"id":769,"href":"https:\/\/asorocheservicios.com\/index.php?rest_route=\/wp\/v2\/pages\/767\/revisions\/769"}],"wp:attachment":[{"href":"https:\/\/asorocheservicios.com\/index.php?rest_route=%2Fwp%2Fv2%2Fmedia&parent=767"}],"curies":[{"name":"wp","href":"https:\/\/api.w.org\/{rel}","templated":true}]}}