{"id":885,"date":"2022-10-26T18:38:45","date_gmt":"2022-10-27T00:38:45","guid":{"rendered":"https:\/\/asorocheservicios.com\/?page_id=885"},"modified":"2022-10-26T18:45:28","modified_gmt":"2022-10-27T00:45:28","slug":"bare-skin","status":"publish","type":"page","link":"https:\/\/asorocheservicios.com\/?page_id=885","title":{"rendered":"BARE SKIN"},"content":{"rendered":"\n<figure class=\"wp-block-image size-full is-resized\"><img loading=\"lazy\" decoding=\"async\" src=\"https:\/\/asorocheservicios.com\/wp-content\/uploads\/2022\/10\/logo-1.png\" alt=\"\" class=\"wp-image-886\" width=\"196\" height=\"65\"\/><\/figure>\n\n\n\n<p><strong>\u00bfPor qu\u00e9 comprar en Bare Skin?<\/strong><\/p>\n\n\n\n<p><strong>Stock para entrega inmediata<\/strong><\/p>\n\n\n\n<p>Manejamos un stock de +350 productos disponibles en diferentes categor\u00edas para entrega inmediata.<\/p>\n\n\n\n<p><strong>Variedad de Productos<\/strong><\/p>\n\n\n\n<p>Amplia variedad de productos para el cuidado de tu piel, desde lo m\u00e1s trendy de K-beauty hasta marcas estadounidenses como CeraVe y Good Molecules.<\/p>\n\n\n\n<p><strong>Env\u00edos a todo el pa\u00eds<\/strong><\/p>\n\n\n\n<p>Env\u00edos a todo el pa\u00eds con Correos de Costa Rica y con mensajer\u00eda privada en algunas zonas de San Jos\u00e9 y Heredia, de lunes a viernes<\/p>\n\n\n\n<p><strong>Asesor\u00eda en cuidado de la piel<\/strong><\/p>\n\n\n\n<p>Atendemos tus consultas generales sobre c\u00f3mo iniciar con una rutina de cuidado de la piel.<\/p>\n\n\n\n<p><strong>M\u00faltiples medios de pago<\/strong><\/p>\n\n\n\n<p>Aceptamos pagos con tarjeta de d\u00e9bito, cr\u00e9dito y sinpe m\u00f3vil, con el respaldo de BAC Credomatic.<\/p>\n\n\n\n<figure class=\"wp-block-image size-full\"><img loading=\"lazy\" decoding=\"async\" width=\"839\" height=\"839\" src=\"https:\/\/asorocheservicios.com\/wp-content\/uploads\/2022\/10\/varios-prod-tienda-en-linea2.jpg\" alt=\"\" class=\"wp-image-892\" srcset=\"https:\/\/asorocheservicios.com\/wp-content\/uploads\/2022\/10\/varios-prod-tienda-en-linea2.jpg 839w, https:\/\/asorocheservicios.com\/wp-content\/uploads\/2022\/10\/varios-prod-tienda-en-linea2-300x300.jpg 300w, https:\/\/asorocheservicios.com\/wp-content\/uploads\/2022\/10\/varios-prod-tienda-en-linea2-150x150.jpg 150w, https:\/\/asorocheservicios.com\/wp-content\/uploads\/2022\/10\/varios-prod-tienda-en-linea2-768x768.jpg 768w, https:\/\/asorocheservicios.com\/wp-content\/uploads\/2022\/10\/varios-prod-tienda-en-linea2-116x116.jpg 116w\" sizes=\"auto, (max-width: 839px) 100vw, 839px\" \/><\/figure>\n\n\n<div class=\"wp-block-image\">\n<figure class=\"alignright size-full\"><a href=\"http:\/\/asorocheservicios.com\/?page_id=507\"><img loading=\"lazy\" decoding=\"async\" width=\"50\" height=\"50\" src=\"https:\/\/asorocheservicios.com\/wp-content\/uploads\/2022\/10\/LOGO-REVERSA-3.png\" alt=\"\" class=\"wp-image-894\"\/><\/a><\/figure><\/div>","protected":false},"excerpt":{"rendered":"<p>\u00bfPor qu\u00e9 comprar en Bare Skin? Stock para entrega inmediata Manejamos un stock de +350 productos disponibles en diferentes categor\u00edas para entrega inmediata. Variedad de Productos Amplia variedad de productos para el cuidado de tu piel, desde lo m\u00e1s trendy de K-beauty hasta marcas estadounidenses como CeraVe y Good Molecules. Env\u00edos a todo el pa\u00eds<\/p>\n<div><a class=\"btn-filled btn\" href=\"https:\/\/asorocheservicios.com\/?page_id=885\" title=\"BARE SKIN\">Read More<\/a><\/div>\n","protected":false},"author":1,"featured_media":0,"parent":0,"menu_order":0,"comment_status":"closed","ping_status":"closed","template":"","meta":{"footnotes":""},"class_list":["post-885","page","type-page","status-publish","hentry"],"_links":{"self":[{"href":"https:\/\/asorocheservicios.com\/index.php?rest_route=\/wp\/v2\/pages\/885","targetHints":{"allow":["GET"]}}],"collection":[{"href":"https:\/\/asorocheservicios.com\/index.php?rest_route=\/wp\/v2\/pages"}],"about":[{"href":"https:\/\/asorocheservicios.com\/index.php?rest_route=\/wp\/v2\/types\/page"}],"author":[{"embeddable":true,"href":"https:\/\/asorocheservicios.com\/index.php?rest_route=\/wp\/v2\/users\/1"}],"replies":[{"embeddable":true,"href":"https:\/\/asorocheservicios.com\/index.php?rest_route=%2Fwp%2Fv2%2Fcomments&post=885"}],"version-history":[{"count":5,"href":"https:\/\/asorocheservicios.com\/index.php?rest_route=\/wp\/v2\/pages\/885\/revisions"}],"predecessor-version":[{"id":898,"href":"https:\/\/asorocheservicios.com\/index.php?rest_route=\/wp\/v2\/pages\/885\/revisions\/898"}],"wp:attachment":[{"href":"https:\/\/asorocheservicios.com\/index.php?rest_route=%2Fwp%2Fv2%2Fmedia&parent=885"}],"curies":[{"name":"wp","href":"https:\/\/api.w.org\/{rel}","templated":true}]}}